{"id":629,"date":"2020-02-19T19:41:06","date_gmt":"2020-02-19T19:41:06","guid":{"rendered":"https:\/\/bmaexperience.us\/?page_id=629"},"modified":"2022-02-13T20:16:13","modified_gmt":"2022-02-13T20:16:13","slug":"agenda-ingles","status":"publish","type":"page","link":"https:\/\/bmaexperience.us\/?page_id=629","title":{"rendered":"Agenda Espa\u00f1ol"},"content":{"rendered":"<p>[et_pb_section fb_built=&#8221;1&#8243; admin_label=&#8221;Hero Section&#8221; _builder_version=&#8221;4.0.6&#8243; use_background_color_gradient=&#8221;on&#8221; background_color_gradient_start=&#8221;#ff6a88&#8243; background_color_gradient_end=&#8221;#ff99ac&#8221; background_color_gradient_direction=&#8221;131deg&#8221; background_image=&#8221;https:\/\/bmaexperience.us\/wp-content\/uploads\/2019\/11\/bk1.jpg&#8221; custom_padding=&#8221;0px|0px|0px|0px|false|false&#8221; animation_style=&#8221;slide&#8221; animation_direction=&#8221;top&#8221; animation_intensity_slide=&#8221;2%&#8221; animation_starting_opacity=&#8221;100%&#8221; locked=&#8221;off&#8221; global_colors_info=&#8221;{}&#8221;][et_pb_row _builder_version=&#8221;4.0.6&#8243; global_colors_info=&#8221;{}&#8221;][et_pb_column type=&#8221;4_4&#8243; _builder_version=&#8221;4.0.6&#8243; global_colors_info=&#8221;{}&#8221;][et_pb_image src=&#8221;https:\/\/bmaexperience.us\/wp-content\/uploads\/2020\/08\/Immersion-BMA-Logo-02-02.png&#8221; title_text=&#8221;Immersion BMA Logo-02-02&#8243; show_bottom_space=&#8221;off&#8221; align=&#8221;center&#8221; _builder_version=&#8221;4.4.7&#8243; width=&#8221;50%&#8221; global_colors_info=&#8221;{}&#8221;][\/et_pb_image][\/et_pb_column][\/et_pb_row][et_pb_row disabled_on=&#8221;off|off|off&#8221; _builder_version=&#8221;4.0.6&#8243; custom_margin=&#8221;0px||0px||false|false&#8221; custom_padding=&#8221;0px||0px||false|false&#8221; global_colors_info=&#8221;{}&#8221;][et_pb_column type=&#8221;4_4&#8243; _builder_version=&#8221;4.0.6&#8243; global_colors_info=&#8221;{}&#8221;][et_pb_image src=&#8221;https:\/\/bmaexperience.us\/wp-content\/uploads\/2019\/12\/esplogo.png&#8221; align=&#8221;center&#8221; force_fullwidth=&#8221;on&#8221; _builder_version=&#8221;4.0.6&#8243; module_alignment=&#8221;center&#8221; global_colors_info=&#8221;{}&#8221;][\/et_pb_image][\/et_pb_column][\/et_pb_row][et_pb_row _builder_version=&#8221;4.0.6&#8243; width=&#8221;50%&#8221; custom_margin=&#8221;40px||0px||false|false&#8221; custom_padding=&#8221;0px||70px||false|false&#8221; global_colors_info=&#8221;{}&#8221;][et_pb_column type=&#8221;4_4&#8243; _builder_version=&#8221;4.0.6&#8243; global_colors_info=&#8221;{}&#8221;][et_pb_text _builder_version=&#8221;4.4.7&#8243; text_font=&#8221;Lato|700|||||||&#8221; text_text_color=&#8221;#ffffff&#8221; text_font_size=&#8221;30px&#8221; text_line_height=&#8221;40px&#8221; custom_margin=&#8221;||-3px|||&#8221; custom_padding=&#8221;||2px|||&#8221; global_colors_info=&#8221;{}&#8221;]<\/p>\n<p style=\"text-align: center;\">\u00a1Ven a hablar ingl\u00e9s y vivir la cultura estadounidense en la Academia Blue Mountain!<\/p>\n<p style=\"text-align: center;\"><b>10 a 25 de JULIO 2022<\/b><br \/>FALTAN POCOS D\u00cdAS<\/p>\n<p>[\/et_pb_text][\/et_pb_column][\/et_pb_row][et_pb_row _builder_version=&#8221;4.0.6&#8243; background_color=&#8221;rgba(0,0,0,0)&#8221; width=&#8221;100%&#8221; max_width=&#8221;843px&#8221; custom_margin=&#8221;|auto|-4px|auto||&#8221; custom_padding=&#8221;0px||4px|||&#8221; global_colors_info=&#8221;{}&#8221;][et_pb_column type=&#8221;4_4&#8243; _builder_version=&#8221;4.0.6&#8243; global_colors_info=&#8221;{}&#8221;][et_pb_countdown_timer date_time=&#8221;2022-07-10 07:28&#8243; _builder_version=&#8221;4.14.7&#8243; header_level=&#8221;h1&#8243; header_font=&#8221;Lato|900|||||||&#8221; header_text_color=&#8221;#ffffff&#8221; header_font_size=&#8221;30px&#8221; numbers_font=&#8221;Lato|700|||||||&#8221; numbers_text_align=&#8221;center&#8221; numbers_font_size=&#8221;39px&#8221; numbers_line_height=&#8221;0px&#8221; separator_font_size=&#8221;42px&#8221; separator_line_height=&#8221;1px&#8221; label_text_color=&#8221;#ffffff&#8221; label_font_size=&#8221;16px&#8221; background_color=&#8221;rgba(0,0,0,0)&#8221; width=&#8221;100%&#8221; max_width=&#8221;100%&#8221; max_height=&#8221;1000px&#8221; custom_margin=&#8221;-31px||0px||false|false&#8221; custom_padding=&#8221;0px||0px||false|false&#8221; hover_enabled=&#8221;0&#8243; global_colors_info=&#8221;{}&#8221; sticky_enabled=&#8221;0&#8243;][\/et_pb_countdown_timer][\/et_pb_column][\/et_pb_row][et_pb_row _builder_version=&#8221;4.0.6&#8243; global_colors_info=&#8221;{}&#8221;][et_pb_column type=&#8221;4_4&#8243; _builder_version=&#8221;4.0.6&#8243; global_colors_info=&#8221;{}&#8221;][et_pb_divider show_divider=&#8221;off&#8221; _builder_version=&#8221;4.0.6&#8243; custom_padding=&#8221;380px||||false|false&#8221; global_colors_info=&#8221;{}&#8221;][\/et_pb_divider][\/et_pb_column][\/et_pb_row][\/et_pb_section][et_pb_section fb_built=&#8221;1&#8243; _builder_version=&#8221;4.0.6&#8243; background_color=&#8221;#0c71c3&#8243; custom_padding=&#8221;||6px|||&#8221; global_colors_info=&#8221;{}&#8221;][et_pb_row _builder_version=&#8221;4.0.6&#8243; global_colors_info=&#8221;{}&#8221;][et_pb_column type=&#8221;4_4&#8243; _builder_version=&#8221;4.0.6&#8243; global_colors_info=&#8221;{}&#8221;][et_pb_text _builder_version=&#8221;4.0.6&#8243; text_font=&#8221;Lato||||||||&#8221; text_text_color=&#8221;#ffffff&#8221; text_font_size=&#8221;43px&#8221; text_line_height=&#8221;43px&#8221; header_text_color=&#8221;#000000&#8243; global_colors_info=&#8221;{}&#8221;]<\/p>\n<p style=\"text-align: center;\">AGENDA<\/p>\n<p>[\/et_pb_text][\/et_pb_column][\/et_pb_row][\/et_pb_section][et_pb_section fb_built=&#8221;1&#8243; _builder_version=&#8221;4.0.6&#8243; background_color=&#8221;#0c71c3&#8243; custom_margin=&#8221;0px||0px||false|false&#8221; custom_padding=&#8221;0px||0px||false|false&#8221; global_colors_info=&#8221;{}&#8221;][et_pb_row column_structure=&#8221;1_4,1_4,1_4,1_4&#8243; _builder_version=&#8221;4.0.6&#8243; global_colors_info=&#8221;{}&#8221;][et_pb_column type=&#8221;1_4&#8243; _builder_version=&#8221;4.0.6&#8243; global_colors_info=&#8221;{}&#8221;][et_pb_text _builder_version=&#8221;4.0.6&#8243; text_font=&#8221;Poppins||||||||&#8221; text_text_color=&#8221;#ffffff&#8221; text_font_size=&#8221;18px&#8221; text_line_height=&#8221;1.8em&#8221; custom_padding=&#8221;||30px||false|false&#8221; global_colors_info=&#8221;{}&#8221;]<\/p>\n<p><b>\u00a0D\u00eda 1\u00a0<\/b><\/p>\n<p><span style=\"font-size: 18px;\">Llegada a BMA<br \/><\/span><span style=\"font-size: 18px;\">Bienvenida<br \/><\/span>Cena<br \/>Orientaci\u00f3n<br \/>Actividades de Bienvenida<br \/>Vespertina<br \/>Tiempo Libre<br \/>Descanso<\/p>\n<p>\u00a0<b style=\"font-size: 18px;\">D\u00eda 2\u00a0<\/b><\/p>\n<p>Desayuno<br \/>Devocional<br \/>Clases<br \/>Almuerzo<br \/>Experiencia de Aviaci\u00f3n<br \/>Cena<br \/>Recreaci\u00f3n <br \/>Vespertina<br \/>Tiempo Libre<br \/>Descanso<\/p>\n<p><b style=\"font-size: 18px;\">D\u00eda 3\u00a0<\/b><\/p>\n<p>Desayuno<br \/>Devocional<br \/>Clases<br \/>Almuerzo<br \/>Actividades para Estilo de Vida Saludable<br \/>Cena<br \/>Recreaci\u00f3n <br \/>Vespertina<br \/>Tiempo Libre<br \/>Descanso<\/p>\n<p><span style=\"font-size: 18px;\"><\/span><\/p>\n<p><b style=\"font-size: 18px;\">D\u00eda 4\u00a0<\/b><\/p>\n<p>Desayuno<br \/>Viaje a Washington DC<br \/>Visita a Museo<br \/>Almuerzo<br \/>Turismo<br \/>Cena (Terminal Station)<br \/>Regreso a BMA<br \/>Descanso<\/p>\n<p>[\/et_pb_text][\/et_pb_column][et_pb_column type=&#8221;1_4&#8243; _builder_version=&#8221;4.0.6&#8243; global_colors_info=&#8221;{}&#8221;][et_pb_text _builder_version=&#8221;4.4.7&#8243; text_font=&#8221;Poppins||||||||&#8221; text_text_color=&#8221;#ffffff&#8221; text_font_size=&#8221;18px&#8221; text_line_height=&#8221;1.8em&#8221; custom_padding=&#8221;5px||30px||false|false&#8221; global_colors_info=&#8221;{}&#8221;]<\/p>\n<p><b>D\u00eda 5\u00a0<\/b><\/p>\n<p>Desayuno<br \/>Devocional<br \/>Clases<br \/>Almuerzo<br \/>Actividades Deportivas<br \/>Cena<br \/>Preparaci\u00f3n para S\u00e1bado<br \/>Vespertinas<br \/>Descanso<\/p>\n<p><b style=\"font-size: 18px;\">D\u00eda 6\u00a0<\/b><\/p>\n<p>Desayuno<br \/>Culto<br \/>Almuerzo<br \/>Excursi\u00f3n (Appalachian Trail)<br \/>Cena<br \/>Vespertinas<br \/>Sociales<br \/>Regreso a Dormitorios<br \/>Descanso<\/p>\n<p><b style=\"font-size: 18px;\">D\u00eda 7\u00a0<\/b><\/p>\n<p>Desayuno<br \/>Paseo al Parque Hershey<br \/>Lunch<br \/>Paseo al Parque Hershey<br \/>Cena<br \/>Regreso a BMA<br \/>Descanso<\/p>\n<p><span style=\"font-weight: 400;\"><\/span><\/p>\n<p><b style=\"font-size: 18px;\">D\u00eda 8\u00a0\u00a0<\/b><\/p>\n<p>Desayuno<br \/>Devocional<br \/>Clases<br \/>Almuerzo<br \/>Actividades para un estilo de vida saludable<br \/>Cena<br \/>Recreaci\u00f3n <br \/>Vespertina<br \/>Tiempo Libre<br \/>Descanso<\/p>\n<p>[\/et_pb_text][\/et_pb_column][et_pb_column type=&#8221;1_4&#8243; _builder_version=&#8221;4.0.6&#8243; global_colors_info=&#8221;{}&#8221;][et_pb_text _builder_version=&#8221;4.0.6&#8243; text_font=&#8221;Poppins||||||||&#8221; text_text_color=&#8221;#ffffff&#8221; text_font_size=&#8221;18px&#8221; text_line_height=&#8221;1.8em&#8221; custom_padding=&#8221;||30px||false|false&#8221; global_colors_info=&#8221;{}&#8221;]<\/p>\n<p><b>D\u00eda 9\u00a0<\/b><\/p>\n<p>Desayuno<br \/>Devocional <br \/>Clases<br \/>Almuerzo<br \/>Actividades para un estilo de vida saludable<br \/>Cena<br \/>Recreaci\u00f3n <br \/>Vespertina<br \/>Tiempo Libre<br \/>Descanso<\/p>\n<p><b style=\"font-size: 18px;\">D\u00eda 10\u00a0<\/b><\/p>\n<p>Desayuno<br \/>Paseo a Philadelphia, Pennsylvania<br \/>Visitas Hist\u00f3ricas<br \/>Almuerzo<br \/>Visitas Hist\u00f3ricas<br \/>Cena<br \/>Regreso a BMA <br \/>Descanso<\/p>\n<p><b style=\"font-size: 18px;\">D\u00eda 11\u00a0\u00a0<\/b><\/p>\n<p>Desayuno<br \/>Paseo a Washington DC<br \/>Recorrido<br \/>Almuerzo<br \/>Recorrido de Aprendizaje<br \/>Cena<br \/>Regreso a BMA <br \/>Descanso<\/p>\n<p><span style=\"font-weight: 400;\"><\/span><\/p>\n<p><b style=\"font-size: 18px;\">D\u00eda 12\u00a0<\/b><\/p>\n<p>Desayuno<br \/>Devocional<br \/>Clases<br \/>Almuerzo<br \/>Actividades Deportivas<br \/>Cena<br \/>Preparaci\u00f3n para el S\u00e1bado<br \/>Vespertina<br \/>Regreso a Dormitorios<br \/>Descanso<\/p>\n<p>[\/et_pb_text][\/et_pb_column][et_pb_column type=&#8221;1_4&#8243; _builder_version=&#8221;4.0.6&#8243; global_colors_info=&#8221;{}&#8221;][et_pb_text _builder_version=&#8221;4.0.6&#8243; text_font=&#8221;Poppins||||||||&#8221; text_text_color=&#8221;#ffffff&#8221; text_font_size=&#8221;18px&#8221; text_line_height=&#8221;1.8em&#8221; min_height=&#8221;1366px&#8221; custom_padding=&#8221;6px||30px||false|false&#8221; global_colors_info=&#8221;{}&#8221;]<\/p>\n<p><b>D\u00eda 13\u00a0\u00a0<\/b><\/p>\n<p>Desayuno<br \/>Culto<br \/>Almuerzo<br \/>Excursi\u00f3n (Appalachian Trail)<br \/>Cena<br \/>Vespertina<br \/>Sociales<br \/>Dormitorios<br \/>Descanso<\/p>\n<p><b style=\"font-size: 18px;\">D\u00eda 14\u00a0<\/b><\/p>\n<p>Desayuno<br \/>Festival de Deportes<br \/>Almuerzo<br \/>Festival de Deportes<br \/>Cena<br \/>Ceremonia de Graduaci\u00f3n <br \/>Descanso<\/p>\n<p><b style=\"font-size: 18px;\">D\u00eda 15\u00a0<\/b><\/p>\n<p>Desayuno<br \/>Paseo al Pueblo Amish<br \/>Llegada al Pueblo Amish<br \/>Almuerzo<br \/>Compras (Tanger Outlet)<br \/>Regreso a BMA<br \/>Cena<br \/>Tiempo libre para empacar<br \/>Descanso<\/p>\n<p><b style=\"font-size: 18px;\">D\u00eda 16\u00a0<\/b><\/p>\n<p>Desayuno Tard\u00edo de Despedida<br \/>Salida a aeropuerto<\/p>\n<p>[\/et_pb_text][\/et_pb_column][\/et_pb_row][\/et_pb_section][et_pb_section fb_built=&#8221;1&#8243; _builder_version=&#8221;4.0.6&#8243; background_color=&#8221;#0c71c3&#8243; background_image=&#8221;https:\/\/bmaexperience.us\/wp-content\/uploads\/2019\/11\/garotos.png&#8221; background_position=&#8221;bottom_center&#8221; background_blend=&#8221;soft-light&#8221; custom_padding=&#8221;250px||250px||false|false&#8221; bottom_divider_style=&#8221;arrow3&#8243; bottom_divider_color=&#8221;#0c71c3&#8243; bottom_divider_height=&#8221;138px&#8221; bottom_divider_flip=&#8221;vertical&#8221; locked=&#8221;off&#8221; global_colors_info=&#8221;{}&#8221;][et_pb_row _builder_version=&#8221;4.0.6&#8243; global_colors_info=&#8221;{}&#8221;][et_pb_column type=&#8221;4_4&#8243; _builder_version=&#8221;4.0.6&#8243; global_colors_info=&#8221;{}&#8221;][et_pb_image src=&#8221;https:\/\/bmaexperience.us\/wp-content\/uploads\/2019\/12\/placa4.png&#8221; align=&#8221;center&#8221; _builder_version=&#8221;4.0.6&#8243; width=&#8221;100%&#8221; global_colors_info=&#8221;{}&#8221;][\/et_pb_image][\/et_pb_column][\/et_pb_row][\/et_pb_section][et_pb_section fb_built=&#8221;1&#8243; _builder_version=&#8221;4.0.6&#8243; background_color=&#8221;#0c71c3&#8243; background_enable_image=&#8221;off&#8221; background_size=&#8221;initial&#8221; background_position=&#8221;bottom_right&#8221; background_blend=&#8221;soft-light&#8221; custom_margin=&#8221;0px||||false|false&#8221; custom_padding=&#8221;0px||||false|false&#8221; locked=&#8221;off&#8221; global_colors_info=&#8221;{}&#8221;][et_pb_row _builder_version=&#8221;4.0.6&#8243; global_colors_info=&#8221;{}&#8221;][et_pb_column type=&#8221;4_4&#8243; _builder_version=&#8221;4.0.6&#8243; global_colors_info=&#8221;{}&#8221;][et_pb_code _builder_version=&#8221;4.0.6&#8243; text_orientation=&#8221;center&#8221; global_colors_info=&#8221;{}&#8221;]<iframe loading=\"lazy\" src=\"https:\/\/docs.google.com\/forms\/d\/e\/1FAIpQLScM27Ztdj8n8qiZW3wZdv31Q3xSYUyBzp6MFgALrO0eJYDXrw\/viewform?embedded=true\" width=\"640\" height=\"803\" frameborder=\"0\" marginheight=\"0\" marginwidth=\"0\">Cargando\u2026<\/iframe>[\/et_pb_code][\/et_pb_column][\/et_pb_row][\/et_pb_section]<\/p>\n","protected":false},"excerpt":{"rendered":"<p>\u00a1Ven a hablar ingl\u00e9s y vivir la cultura estadounidense en la Academia Blue Mountain! 10 a 25 de JULIO 2022FALTAN POCOS D\u00cdASAGENDA\u00a0D\u00eda 1\u00a0 Llegada a BMABienvenidaCenaOrientaci\u00f3nActividades de BienvenidaVespertinaTiempo LibreDescanso \u00a0D\u00eda 2\u00a0 DesayunoDevocionalClasesAlmuerzoExperiencia de Aviaci\u00f3nCenaRecreaci\u00f3n VespertinaTiempo LibreDescanso D\u00eda 3\u00a0 DesayunoDevocionalClasesAlmuerzoActividades para Estilo de Vida SaludableCenaRecreaci\u00f3n VespertinaTiempo LibreDescanso D\u00eda 4\u00a0 DesayunoViaje a Washington DCVisita a MuseoAlmuerzoTurismoCena (Terminal [&hellip;]<\/p>\n","protected":false},"author":3,"featured_media":0,"parent":0,"menu_order":0,"comment_status":"closed","ping_status":"closed","template":"","meta":{"_et_pb_use_builder":"on","_et_pb_old_content":"","_et_gb_content_width":"","footnotes":""},"class_list":["post-629","page","type-page","status-publish","hentry"],"yoast_head":"<!-- This site is optimized with the Yoast SEO plugin v27.3 - https:\/\/yoast.com\/product\/yoast-seo-wordpress\/ -->\n<title>Agenda Espa\u00f1ol - BMA Experience<\/title>\n<meta name=\"robots\" content=\"index, follow, max-snippet:-1, max-image-preview:large, max-video-preview:-1\" \/>\n<link rel=\"canonical\" href=\"https:\/\/bmaexperience.us\/?page_id=629\" \/>\n<meta property=\"og:locale\" content=\"en_US\" \/>\n<meta property=\"og:type\" content=\"article\" \/>\n<meta property=\"og:title\" content=\"Agenda Espa\u00f1ol - BMA Experience\" \/>\n<meta property=\"og:description\" content=\"\u00a1Ven a hablar ingl\u00e9s y vivir la cultura estadounidense en la Academia Blue Mountain! 10 a 25 de JULIO 2022FALTAN POCOS D\u00cdASAGENDA\u00a0D\u00eda 1\u00a0 Llegada a BMABienvenidaCenaOrientaci\u00f3nActividades de BienvenidaVespertinaTiempo LibreDescanso \u00a0D\u00eda 2\u00a0 DesayunoDevocionalClasesAlmuerzoExperiencia de Aviaci\u00f3nCenaRecreaci\u00f3n VespertinaTiempo LibreDescanso D\u00eda 3\u00a0 DesayunoDevocionalClasesAlmuerzoActividades para Estilo de Vida SaludableCenaRecreaci\u00f3n VespertinaTiempo LibreDescanso D\u00eda 4\u00a0 DesayunoViaje a Washington DCVisita a MuseoAlmuerzoTurismoCena (Terminal [&hellip;]\" \/>\n<meta property=\"og:url\" content=\"https:\/\/bmaexperience.us\/?page_id=629\" \/>\n<meta property=\"og:site_name\" content=\"BMA Experience\" \/>\n<meta property=\"article:modified_time\" content=\"2022-02-13T20:16:13+00:00\" \/>\n<meta name=\"twitter:card\" content=\"summary_large_image\" \/>\n<meta name=\"twitter:label1\" content=\"Est. reading time\" \/>\n\t<meta name=\"twitter:data1\" content=\"6 minutes\" \/>\n<script type=\"application\/ld+json\" class=\"yoast-schema-graph\">{\"@context\":\"https:\\\/\\\/schema.org\",\"@graph\":[{\"@type\":\"WebPage\",\"@id\":\"https:\\\/\\\/bmaexperience.us\\\/?page_id=629\",\"url\":\"https:\\\/\\\/bmaexperience.us\\\/?page_id=629\",\"name\":\"Agenda Espa\u00f1ol - BMA Experience\",\"isPartOf\":{\"@id\":\"https:\\\/\\\/bmaexperience.us\\\/#website\"},\"datePublished\":\"2020-02-19T19:41:06+00:00\",\"dateModified\":\"2022-02-13T20:16:13+00:00\",\"breadcrumb\":{\"@id\":\"https:\\\/\\\/bmaexperience.us\\\/?page_id=629#breadcrumb\"},\"inLanguage\":\"en-US\",\"potentialAction\":[{\"@type\":\"ReadAction\",\"target\":[\"https:\\\/\\\/bmaexperience.us\\\/?page_id=629\"]}]},{\"@type\":\"BreadcrumbList\",\"@id\":\"https:\\\/\\\/bmaexperience.us\\\/?page_id=629#breadcrumb\",\"itemListElement\":[{\"@type\":\"ListItem\",\"position\":1,\"name\":\"Home\",\"item\":\"https:\\\/\\\/bmaexperience.us\\\/\"},{\"@type\":\"ListItem\",\"position\":2,\"name\":\"Agenda Espa\u00f1ol\"}]},{\"@type\":\"WebSite\",\"@id\":\"https:\\\/\\\/bmaexperience.us\\\/#website\",\"url\":\"https:\\\/\\\/bmaexperience.us\\\/\",\"name\":\"BMA Experience\",\"description\":\"Just another WordPress site\",\"potentialAction\":[{\"@type\":\"SearchAction\",\"target\":{\"@type\":\"EntryPoint\",\"urlTemplate\":\"https:\\\/\\\/bmaexperience.us\\\/?s={search_term_string}\"},\"query-input\":{\"@type\":\"PropertyValueSpecification\",\"valueRequired\":true,\"valueName\":\"search_term_string\"}}],\"inLanguage\":\"en-US\"}]}<\/script>\n<!-- \/ Yoast SEO plugin. -->","yoast_head_json":{"title":"Agenda Espa\u00f1ol - BMA Experience","robots":{"index":"index","follow":"follow","max-snippet":"max-snippet:-1","max-image-preview":"max-image-preview:large","max-video-preview":"max-video-preview:-1"},"canonical":"https:\/\/bmaexperience.us\/?page_id=629","og_locale":"en_US","og_type":"article","og_title":"Agenda Espa\u00f1ol - BMA Experience","og_description":"\u00a1Ven a hablar ingl\u00e9s y vivir la cultura estadounidense en la Academia Blue Mountain! 10 a 25 de JULIO 2022FALTAN POCOS D\u00cdASAGENDA\u00a0D\u00eda 1\u00a0 Llegada a BMABienvenidaCenaOrientaci\u00f3nActividades de BienvenidaVespertinaTiempo LibreDescanso \u00a0D\u00eda 2\u00a0 DesayunoDevocionalClasesAlmuerzoExperiencia de Aviaci\u00f3nCenaRecreaci\u00f3n VespertinaTiempo LibreDescanso D\u00eda 3\u00a0 DesayunoDevocionalClasesAlmuerzoActividades para Estilo de Vida SaludableCenaRecreaci\u00f3n VespertinaTiempo LibreDescanso D\u00eda 4\u00a0 DesayunoViaje a Washington DCVisita a MuseoAlmuerzoTurismoCena (Terminal [&hellip;]","og_url":"https:\/\/bmaexperience.us\/?page_id=629","og_site_name":"BMA Experience","article_modified_time":"2022-02-13T20:16:13+00:00","twitter_card":"summary_large_image","twitter_misc":{"Est. reading time":"6 minutes"},"schema":{"@context":"https:\/\/schema.org","@graph":[{"@type":"WebPage","@id":"https:\/\/bmaexperience.us\/?page_id=629","url":"https:\/\/bmaexperience.us\/?page_id=629","name":"Agenda Espa\u00f1ol - BMA Experience","isPartOf":{"@id":"https:\/\/bmaexperience.us\/#website"},"datePublished":"2020-02-19T19:41:06+00:00","dateModified":"2022-02-13T20:16:13+00:00","breadcrumb":{"@id":"https:\/\/bmaexperience.us\/?page_id=629#breadcrumb"},"inLanguage":"en-US","potentialAction":[{"@type":"ReadAction","target":["https:\/\/bmaexperience.us\/?page_id=629"]}]},{"@type":"BreadcrumbList","@id":"https:\/\/bmaexperience.us\/?page_id=629#breadcrumb","itemListElement":[{"@type":"ListItem","position":1,"name":"Home","item":"https:\/\/bmaexperience.us\/"},{"@type":"ListItem","position":2,"name":"Agenda Espa\u00f1ol"}]},{"@type":"WebSite","@id":"https:\/\/bmaexperience.us\/#website","url":"https:\/\/bmaexperience.us\/","name":"BMA Experience","description":"Just another WordPress site","potentialAction":[{"@type":"SearchAction","target":{"@type":"EntryPoint","urlTemplate":"https:\/\/bmaexperience.us\/?s={search_term_string}"},"query-input":{"@type":"PropertyValueSpecification","valueRequired":true,"valueName":"search_term_string"}}],"inLanguage":"en-US"}]}},"_links":{"self":[{"href":"https:\/\/bmaexperience.us\/index.php?rest_route=\/wp\/v2\/pages\/629","targetHints":{"allow":["GET"]}}],"collection":[{"href":"https:\/\/bmaexperience.us\/index.php?rest_route=\/wp\/v2\/pages"}],"about":[{"href":"https:\/\/bmaexperience.us\/index.php?rest_route=\/wp\/v2\/types\/page"}],"author":[{"embeddable":true,"href":"https:\/\/bmaexperience.us\/index.php?rest_route=\/wp\/v2\/users\/3"}],"replies":[{"embeddable":true,"href":"https:\/\/bmaexperience.us\/index.php?rest_route=%2Fwp%2Fv2%2Fcomments&post=629"}],"version-history":[{"count":12,"href":"https:\/\/bmaexperience.us\/index.php?rest_route=\/wp\/v2\/pages\/629\/revisions"}],"predecessor-version":[{"id":809,"href":"https:\/\/bmaexperience.us\/index.php?rest_route=\/wp\/v2\/pages\/629\/revisions\/809"}],"wp:attachment":[{"href":"https:\/\/bmaexperience.us\/index.php?rest_route=%2Fwp%2Fv2%2Fmedia&parent=629"}],"curies":[{"name":"wp","href":"https:\/\/api.w.org\/{rel}","templated":true}]}}